et c be (-2)/(-7) + 24/14. Suppose 0*y + 170 = c*y. Suppose -3*q = 2*q - y. What is the remainder when q is divided by 9?
8
Suppose -x = -4, x = 3*f + 2*f - 71. Calculate the remainder when f is divided by (-8)/(2 - (2 + 2)).
3
Let o = 149 + -145. Let v = 6 - 4. Calculate the remainder when o is divided by v.
0
Suppose -2*m - 10 = -4*m. Suppose 3*v + 1 = -2*l, -5*l = -v - 2*l + 18. What is the remainder when m is divided by v?
2
Let q(h) = -12*h + 15. Calculate the remainder when q(-6) is divided by 18.
15
Suppose -57 = -r + 30. Suppose -5*l - 167 = -0*p - 4*p, -2*p - l + r = 0. Calculate the remainder when p is divided by 0/(-3) + 13 + -2.
10
Suppose -9*r = -11*r + 4. What is the remainder when r is divided by 2?
0
Suppose -3*g + 0*b = -3*b - 84, -4*b - 4 = 0. Calculate the remainder when g is divided by 10.
7
Let n be 9 + -3 - (0 - 0). Suppose -3*z - 3*t = -2*t - 9, n = 2*t. Calculate the remainder when ((-2)/(-3))/(2/6) is divided by z.
0
Suppose 5*r - 26 - 99 = 0. Let v = 42 - r. Let j = -10 + 19. What is the remainder when v is divided by j?
8
Suppose 6*z - 2*z + 6 = v, 3*v - 9 = 3*z. Suppose 2*u + 4*b = -8, 13 = -2*u - 5*b + 2. Suppose u*x = 3*x - v. What is the remainder when 4 is divided by x?
0
Suppose -9*u + 42 = -3*u. Calculate the remainder when 26 is divided by u.
5
Let f be ((-9)/(-3) + -2)*5. Let v(w) = 7*w + 5. Suppose -12 = -2*g + 16. What is the remainder when v(f) is divided by g?
12
Suppose 3*b = 2*x + 43, -2*x + 12 = -2*b + 4*b. What is the remainder when 31 is divided by b?
9
Suppose -6 = -z - 0. Let r(u) = -4*u + 5. Calculate the remainder when r(-4) is divided by z.
3
Let o = -10 - -21. What is the remainder when (82/12)/((-1)/(-6)) is divided by o?
8
Suppose 0 = 4*w - 7 - 9. Calculate the remainder when 14 is divided by w.
2
Let d be (156/(-9))/((-4)/6). Let s = d + -16. What is the remainder when 28 is divided by s?
8
Suppose -i - 2*i + 246 = 0. Suppose 5*z - i = -12. What is the remainder when z is divided by 5?
4
Let k = -10 - -29. Let d(g) be the first derivative of g**4/4 + 7*g**3/3 + 2*g**2 - 2*g + 2. What is the remainder when k is divided by d(-6)?
9
What is the remainder when (81/(-2))/(3/(-6)) + 2 is divided by 28?
27
Let o(p) = 8*p**3 - 2*p**2 + 11*p**3 + 0 + 1. Let j(k) = -k**3 - k**2 + 2*k + 1. Let h be j(-2). What is the remainder when o(h) is divided by 10?
8
Suppose 0 = 3*g + 5*y - 82, 5*g = 6*y - y + 70. What is the remainder when g is divided by 5?
4
Let l = 8 + -6. Suppose 0 = 3*i + l - 32. Let f = i - 5. What is the remainder when 9 is divided by f?
4
Suppose 2 + 2 = 2*d. Let g(n) = n**2 - 3*n + 3. Let z be g(3). Suppose z*l - o - d*o = 72, -l = -3*o - 22. Calculate the remainder when l is divided by 9.
7
Suppose 3*n - 26 = h, 3*n + 5*h - 50 = -0*n. Let t be 18/(-4)*2/(-3). Suppose -d = -t*d + 36. What is the remainder when d is divided by n?
8
Let j = 0 - -5. Let u(b) = 2*b**2 + 5*b + 11. What is the remainder when u(-3) is divided by j?
4
Let j(a) = -a**3 + 8*a**2 + 11*a - 13. Let x be j(9). Suppose 0 = -x*u - 15 + 170. Calculate the remainder when u is divided by 17.
14
Let l = 163 + -110. Calculate the remainder when l is divided by 18.
17
Suppose f = -2*s + 59, 3*s = -2*s + 5*f + 110. Calculate the remainder when s is divided by 7.
6
Let u = -16 + 20. What is the remainder when (-47)/(-3) + 2/(-3) is divided by u?
3
Let c be ((-1)/2)/(2/52). Suppose 5*p - 3*v - 145 - 8 = 0, 0 = 3*v + 3. What is the remainder when p is divided by 2/c - 435/(-39)?
8
Suppose 0 = -3*h + 2 + 1, -3*u - h = -70. What is the remainder when 181 is divided by u?
20
Let w(d) = -4*d - 1. Let c be w(-5). Suppose 0*o - 2*o + 5*q = -c, -5*q = -4*o + 23. Suppose -6*h = -o*h - 52. What is the remainder when h is divided by 7?
6
Suppose -19*d + 14*d + 95 = 0. Let k(l) = 1 - 2*l + 0*l**3 - l**2 - l**3 + 5*l. Calculate the remainder when k(-4) is divided by d.
18
Suppose -3*v + 2 = 2*c + 3, -24 = -3*c + 4*v. Suppose 2*n = 4*y + c, -n = n + 5*y - 13. Calculate the remainder when 9 is divided by n.
1
Suppose x + 4*c = 43, -5*c + 70 = 5*x - 130. Calculate the remainder when x is divided by 7.
4
Let l(y) = -2*y + y - 9 + 2*y + 3*y. Calculate the remainder when l(7) is divided by 10.
9
Suppose -4*y = -4*z + 8, -2*z = -0*y - y - 5. What is the remainder when 14 is divided by z?
2
Suppose -3*a - 2*a = -55. What is the remainder when a is divided by 7?
4
Let c(s) = -s**3 + 8*s**2 + 8*s - 10. Let o be c(8). Suppose -2*k = 4*k - o. Calculate the remainder when k is divided by 5.
4
Suppose 0*s + 2*b - 62 = s, 4*b = 4*s + 256. Let i = -13 - s. Calculate the remainder when i is divided by 18.
17
Let m(i) = -i**2 - 11*i - 13. Calculate the remainder when 96 is divided by m(-8).
8
Let d(u) = 7*u + 4. Suppose 5*h + 15 = 50. What is the remainder when d(h) is divided by 18?
17
Suppose -w = -4*w + 9, -w = -3*s + 60. Calculate the remainder when s is divided by (-3)/3 + 7/((-7)/(-12)).
10
Suppose 0 = 2*w - 5*w - 57. Let v = w + 27. What is the remainder when 13 is divided by v?
5
Let h(d) = -24*d**3 + 2*d**2 + d - 1. Let z be h(-1). Let a = 31 + z. What is the remainder when a is divided by 15?
10
Let s be 39/9 + (-2)/6. What is the remainder when 89 is divided by (-94)/(-4) - s/8?
20
Let u(o) = 2*o - 14. Let d be u(8). Suppose 0 = 5*m - 0 - 15. Calculate the remainder when (d - m)/((-2)/10) is divided by 3.
2
Let b = -53 + 91. Calculate the remainder when 110 is divided by b.
34
Suppose w + 5 = -3*h + 4*h, 0 = -2*w - 2. Suppose 0 = -4*v + 3*m + 217, -h*v - 2*m = v - 300. Calculate the remainder when v is divided by 20.
18
Calculate the remainder when 1 - 1 - (15 - 83) is divided by 18.
14
Suppose 5*o - 11 = -1. Calculate the remainder when -5*6*3/(-30) is divided by (-1 - 1/(-1)) + o.
1
Let j be (4/14)/1*7. Suppose j + 28 = 5*m. Calculate the remainder when 21 is divided by m.
3
Let b = 42 - 27. Calculate the remainder when 58 is divided by b.
13
Suppose p = 6*p - h - 93, 3*p - 5*h - 47 = 0. Suppose 3*g = 4*g - p. Suppose -j + 111 = 2*j. What is the remainder when j is divided by g?
18
Suppose 4*o - 31 = 3*n, -2*n = -n + 5. Suppose -3*t + f + 536 = 0, o*t - 2*f = -5*f + 693. What is the remainder when t/12 - (-2)/8 is divided by 8?
7
Suppose 0 = -5*m + 79 + 11. What is the remainder when 13/2*(8 + 0) is divided by m?
16
Let d = 23 + -13. Let n(u) = 9*u + 1. Calculate the remainder when n(3) is divided by d.
8
Let y(p) = -2*p**2 - 29*p + 35. What is the remainder when 58 is divided by y(-15)?
18
Calculate the remainder when 46 is divided by (-592)/(-36) - 12/27.
14
Let l be -4*(-2)/4 + 2. Suppose j = -l*j + 40. What is the remainder when j is divided by (32/(-48))/((-2)/15)?
3
Let v = 38 - 33. Let d = 15 + -6. What is the remainder when d is divided by v?
4
Let k(a) = 3*a**3 - 2*a + 4. Let h be k(-3). Let j = 185 + h. Calculate the remainder when j is divided by 29.
27
Let b(s) = 5*s**2 + 3*s + 1. Let t be (2/3)/((-1)/(-18)). Suppose 2*y - 19 = 5*u + 17, 4*u = y - t. What is the remainder when y is divided by b(-2)?
13
Let v(q) be the third derivative of q**6/60 - q**5/15 + 5*q**4/24 - 5*q**3/6 + 5*q**2. What is the remainder when 14 is divided by v(2)?
4
Let v(x) = -12*x - 3 - 3 + 4. Let m be v(3). Let n = -21 - m. What is the remainder when 33 is divided by n?
16
Let w(m) = m**3 - 8*m**2 - 4*m + 12. Let x be w(9). Let c = -22 + x. Suppose -3*h + 49 = -c. Calculate the remainder when h is divided by 10.
8
Suppose -1 = 5*f - 5*j - 41, f + 2*j = -1. Let g = -118 - -168. Calculate the remainder when g is divided by 168/10 - (-1)/f.
16
Let o(q) = 2*q - 4. Suppose 45 - 69 = -8*a. Calculate the remainder when o(6) is divided by a.
2
Suppose 0*s = 2*s + 42. Suppose 0 = -5*i + 96 + 69. Let u = s + i. Calculate the remainder when 35 is divided by u.
11
Suppose 0*p - p = -5*r - 3, 10 = 5*r. What is the remainder when 69 is divided by p?
4
Let z(p) = -4*p - 3*p - p**2 + 0*p + 5 - 2*p. Let y be z(-9). Let f = 7 - y. What is the remainder when 2 is divided by f?
0
Let q = -150 + 163. What is the remainder when 49 is divided by q?
10
Suppose 0 = -0*c - 2*c - 108. Let j be (-10)/25 + c/(-10). Calculate the remainder when j/((-5)/(-6)) + 1 is divided by 4.
3
Let m be (-4)/(-10) - 141/15. Suppose 3*k = -18 + 147. What is the remainder when k is divided by (0 -